*y + 0*y - 3*y - 23*y. Let f be b(-1). Let v(i) = i**2 + 6*i + 4. Let c be v(-7). What is the greatest common factor of c and f?
11
Let h = 29 + -29. Suppose -5*y + 1143 + 502 = h. Calculate the greatest common factor of 47 and y.
47
Let z be 1/(1/3) + -60. Let a = -99 - z. Let g be 3/3 + (-3 - a). What is the greatest common divisor of g and 16?
8
Let c(v) = 3*v**2 + 44*v - 222. Let b be c(6). What is the highest common factor of 90 and b?
30
Let o(h) = 2*h**3 - 3*h**2 + 2. Let n = -3 - -9. Suppose 2 + n = 4*a. Let c be o(a). What is the highest common factor of c and 48?
6
Let j = -270 + 366. What is the greatest common factor of j and 240?
48
Let s = 48 - 38. What is the greatest common divisor of 170 and s?
10
Suppose -s - 3*s = t + 14, 0 = -5*t + 3*s + 45. Let p be (6/9)/(t/2331). Calculate the highest common divisor of p and 37.
37
Let h be 6/4*(-24)/9. Let w(y) = -23*y**2 + 1. Let p be w(-1). Let i = h - p. What is the greatest common factor of 27 and i?
9
Suppose 3*v = 4*n + 93, v - 3*v - 5*n = -62. Let g(a) = a**2 + a + 341. Let u be g(0). What is the greatest common factor of u and v?
31
Let m(n) = n**3 + 3*n**2 - n. Let i be m(-3). Suppose -6*d + 117 = -i*d. Let l = -27 + d. Calculate the greatest common divisor of 12 and l.
12
Let o be 1/((44/(-40))/(-11)). Let i be 4/(-6)*3 - -35. Let n = i - 23. What is the greatest common divisor of o and n?
10
Let f(p) = -30*p + 5. Let l(g) = -g. Let n(j) = -f(j) + 15*l(j). Let c be n(2). Calculate the highest common factor of 175 and c.
25
Suppose -17 = 3*i - 23. What is the greatest common factor of i and 54?
2
Let p(t) = -t**3 - 7*t**2 - 5*t. Let d be p(-7). What is the highest common divisor of d and 175?
35
Let v = -199 + 361. Let r(d) = -3*d - 60. Suppose 3*u = -4*g - 58, -15 - 125 = 5*u - 2*g. Let h be r(u). Calculate the greatest common factor of h and v.
18
Let g be (2*-1)/(88/(-1188)). Let t be 4*(10/8 - -1). What is the highest common factor of g and t?
9
Suppose 23*d - 5570 = 22720. Calculate the highest common factor of d and 30.
30
Let v be 48/64 - (0 + (-3)/(-4)). Suppose -s - 5*y + 83 = -v*s, 3*y = 2*s - 231. Calculate the greatest common factor of 72 and s.
36
Suppose -2*w = -3*w + 5. Suppose 3*p - 273 + 33 = 0. What is the greatest common factor of p and w?
5
Let z(s) = s**3 + 3*s**2 - 2*s - 4. Let n be z(-6). Let i = -56 - n. Calculate the highest common factor of 4 and i.
4
Let g = -266 - -274. Calculate the highest common divisor of g and 8.
8
Let i(a) = a**3 - 11*a**2 - 13*a + 10. Let o be i(12). Let t be (-66)/(-11)*(-81)/o. Suppose -2*c + 595 = t. Calculate the highest common divisor of c and 22.
22
Let t(a) = -2*a - 4. Let v be t(9). Let g = 24 + v. Suppose 2*c - 51 = -3*f, -c = c - g*f - 36. Calculate the greatest common factor of c and 21.
21
Suppose 0 = 3*n + 12, 0*a + 2*a + 92 = 5*n. Let m = a - -101. What is the greatest common factor of m and 18?
9
Let z be (-30)/12*(-1 - (-1)/5). What is the highest common divisor of 32 and z?
2
Let o = 97 + 74. Let f = -10 - -15. Suppose -3*y + y = f*v - 38, -2*y = -2*v - 38. What is the highest common divisor of o and y?
19
Suppose -51*c + 39*c + 2016 = 0. What is the greatest common factor of 8 and c?
8
Suppose -60 = k + 4*x - 14, k = -3*x - 43. Let a = k - -42. Calculate the highest common divisor of a and 2.
2
Let h(c) = 2*c**2 - c - 1. Let o be h(3). Let u be (o/(-98))/((-1)/7). What is the greatest common factor of 3 and u?
1
Let m be (-3)/((-3)/40)*48/96. What is the highest common factor of m and 55?
5
Let q(f) = 2*f**2 + 9*f - 5. Let z be q(-5). Let c be z + (43 - -1)*(-1)/(-1). Calculate the greatest common factor of 220 and c.
44
Suppose 3*a - 168 = -4*y + 7*a, 0 = 5*y + 4*a - 192. Suppose 10*l - y = 8*l. Calculate the highest common factor of l and 30.
10
Let d = -704 - -724. Suppose 3*l = 4*s - 400, -3*s = 4*l - 0*l - 300. What is the highest common divisor of s and d?
20
Let i = 65 + -9. Let y be 170/6 - 50/(-75). Let m = i - y. Calculate the highest common divisor of m and 27.
27
Suppose -16*q - 565 = -h - 14*q, 5*h + 5*q - 2780 = 0. Calculate the greatest common factor of h and 43.
43
Let y be ((-4)/5)/((-2)/(-25)). Let f(x) be the second derivative of -x**3/6 + 2*x**2 - 35*x. Let b be f(y). What is the highest common divisor of 14 and b?
14
Suppose 4*d - 14 = 6. What is the highest common factor of 1 and d?
1
Let t(w) = w**2 - 53*w + 336. Let y be t(54). What is the greatest common divisor of y and 78?
78
Let t(s) = 64*s + 10. Suppose 2*p + 2*v - 8 = 0, -p + v + 9 = 3. Let y be t(p). Calculate the highest common factor of 30 and y.
30
Suppose -v + 320 = 5*l, l - v - 3*v = 43. Suppose 0 = -2*p + k + 20, -4*p + 39 = p + 3*k. Calculate the greatest common factor of p and l.
9
Suppose 63 = -4*w - 5*g, 3*g + 51 + 6 = -4*w. Let v = w + 15. Suppose -2*f + 4*d + 64 = 0, -32 + 10 = -f - v*d. Calculate the highest common factor of f and 7.
7
Suppose -2*o = -f - 3, -3*o + 28 - 1 = 3*f. Suppose -10 = -x + o. What is the highest common divisor of 14 and x?
14
Let h be 8/(192/(-60))*68/(-2). Calculate the greatest common factor of h and 10.
5
Let w be 120/9*(-1)/((-2)/3). Let s = w + 8. What is the highest common factor of s and 28?
28
Suppose 0 = 5*w + 54 + 66. Let d = -21 - w. What is the greatest common divisor of 12 and d?
3
Let t(u) = 10*u**2 + 4*u + 6. Let f be t(-4). Suppose 0 = -5*o + 330 + f. Calculate the highest common factor of o and 12.
12
Suppose 78 = 22*s - 18*s + 2*m, -3*s + 55 = 5*m. Calculate the greatest common factor of s and 160.
20
Let j(w) = 8*w**2 + 3*w - 90. Let q be j(12). Calculate the greatest common divisor of 36 and q.
18
Let h = -204 + 362. Let n = h - 66. Calculate the highest common divisor of n and 23.
23
Let s be (-12)/(624/(-164)) - (-4)/(-26). Calculate the greatest common factor of 1 and s.
1
Suppose -3*m = 7 - 4. Let s be 1743/42 + (-6)/(-4) + m. Calculate the highest common factor of 14 and s.
14
Let a(x) = 2*x - 3. Let j(m) = 9*m**2 - 2*m + 1. Let l be j(1). Let b be a(l). Suppose -79 = -z - 27. What is the greatest common divisor of b and z?
13
Suppose -2*r + 0 = -2*p - 2, r - 5*p + 7 = 0. Let h = 45 - r. What is the greatest common factor of 28 and h?
14
Suppose 19*z - 684 = 15*z. Let s = z + -107. Suppose 15*t - s = 14*t. Calculate the greatest common divisor of 8 and t.
8
Let z = 30 + 9. Suppose -5 = 5*d + 15, 0 = -l + 3*d + z. Suppose 6 = -2*y - 4*q, -2*q - 12 - 3 = -3*y. Calculate the highest common factor of l and y.
3
Let o(q) be the third derivative of -13*q**4/12 - q**3/6 - 2*q**2. Let a be o(-2). What is the greatest common divisor of 3 and a?
3
Let p(t) = 8*t**2 + 7*t - 10. Let f be p(2). What is the greatest common factor of f and 36?
36
Let z be -2*(-1)/2 + 59. Let c(j) = -53*j**2 + 1696*j + 40. Let f be c(32). Calculate the greatest common divisor of z and f.
20
Suppose -292 - 116 = -4*i. Suppose 4*z - 2*f = i, 3*z + 2*f - 3 = 84. Calculate the highest common divisor of 9 and z.
9
Suppose 0 = -2*z - 3*z. Suppose z = 4*t - 78 - 54. Suppose -4*d + d = -t. Calculate the greatest common factor of 99 and d.
11
Let g be 6/(-14) + (-2145)/(-105). What is the greatest common divisor of 65 and g?
5
Suppose 0*k - 642 = -2*l + k, 634 = 2*l + 3*k. What is the greatest common divisor of l and 20?
20
Let a = -58 + 113. Suppose -5*n + 4*v + v = a, n - 4*v = -23. Let p = n - -20. What is the greatest common divisor of 13 and p?
13
Suppose 4*t - 4267 = -5*q - 0*q, -2*q - 4*t + 1702 = 0. What is the highest common factor of q and 9?
9
Let x(z) = 6*z + 129. Let u be x(-20). What is the highest common factor of 207 and u?
9
Let y(d) = d**2 + 8. Let p be y(-5). Let v = -14 + p. What is the highest common factor of 171 and v?
19
Suppose 0 = 5*o - 15*o + 120. Let i be 10/((-42)/(-20) - o/6). Calculate the highest common factor of 40 and i.
20
Let w be ((-540)/(-120))/(6/16). Let x be 1 + 1/(-2)*-4. What is the highest common factor of w and x?
3
Suppose -92 + 88 = -4*v. Let k be 1*-2*(-2)/1. What is the highest common divisor of v and k?
1
Let f(b) = 7*b - 23. Let y be f(-4). Let n = -9 - y. What is the highest common factor of 28 and n?
14
Let k = 3692 + -2924. What is the highest common factor of 168 and k?
24
Suppose m = 2*m - 3*r - 34, 4*r = -3*m + 37. Let k = -6448 - -6486. What is t